s of d(c)?
2, 3
Let l = 212 - -46. Suppose 15*u - 12*u = l. List the prime factors of u.
2, 43
Suppose -308 = -4*j - 348. Let t(z) = 10*z**2 + 3*z + z**3 - 7 - 5*z - 6. List the prime factors of t(j).
7
Let y = 3581 + -1760. List the prime factors of y.
3, 607
Let m(r) = 2*r - 31. Let t be m(21). Suppose 2*a - 121 = t. List the prime factors of a.
2, 3, 11
Suppose 8*q - 118 = 33274. What are the prime factors of q?
2, 2087
Let z(w) = w**3 + 9*w**2 - 11*w - 5. Let v be z(-10). Let s = v + -1. What are the prime factors of ((-12)/7)/(s/(-42))?
2, 3
Let r(s) = s**2 - 121*s + 4. What are the prime factors of r(-25)?
2, 3, 7, 29
Suppose 5*t - 5766 = -a + 2410, 5*a = -3*t + 4888. List the prime factors of t.
2, 409
Let a be (-5 - -3)/((-4)/6). Suppose q = a*n - 3*q - 97, -3*q + 152 = 5*n. Suppose y = -w + 16, 0 = 2*w - y - n + 11. List the prime factors of w.
2, 3
Suppose m - 2*m + 2452 = 3*u, 3*m - 7356 = u. List the prime factors of (-33)/(-18) + -2 + m/24.
2, 3, 17
Suppose 0 = -5*y + 254 - 99. Let b = y + -31. Suppose 3*s - 6 = b, 127 + 153 = 5*m - 5*s. What are the prime factors of m?
2, 29
Let t be 9*(0/4 - -2). Let o = 40 - t. List the prime factors of o.
2, 11
Suppose 4*b + 109 = l, 0*b - 145 = 5*b - 3*l. Let n = 80 + -94. Let i = n - b. What are the prime factors of i?
2, 3
Suppose -3*m - 1186 = -2*r, 4*r + 4*m = 532 + 1800. List the prime factors of r.
587
Suppose a = -5*c - 4*a + 150, c = 4*a + 35. Let j = c + -29. Suppose 5*z = 5*p + 10, 4*z - 11 = 3*p - j. List the prime factors of z.
3
Let x(m) = 29*m**2 - 23*m + 20*m**2 + 28*m**2 + 14 - 78*m**2. What are the prime factors of x(-8)?
2, 67
Let r be (150/(-175))/(2/(-7)). Suppose r*o + 2*o - 30 = 0. What are the prime factors of o?
2, 3
Let m be 9280/(-76) + (-14)/(-133). What are the prime factors of 3 - 5 - 3 - m?
3, 13
Suppose -5*m = -13 - 2, 0 = 2*c + 2*m - 370. What are the prime factors of c?
2, 7, 13
Let u = -18 + 15. Let m(y) = -26*y - 9. Let p be m(u). Suppose -3*w - 2*w + p = 2*k, 5*k = 2*w + 216. What are the prime factors of k?
2, 3, 7
Let w(h) = -h - 5. Let f be ((-24)/16)/(6/32). Let c be w(f). Suppose -2*m - 4 = 5*d, 4*d + 17 = 5*m + c*d. What are the prime factors of m?
3
Let x = -285 - -284. Let o(g) = -g**2 + 6*g - 3. Let h be o(4). List the prime factors of (h + x)/(1/4).
2
Suppose -14*v = -9017 - 2995. What are the prime factors of v?
2, 3, 11, 13
Let f(z) be the second derivative of z**4/12 + 2*z**3/3 - 5*z. Let t be f(-4). Suppose t*n = 4*j + 5*n - 76, j - 28 = n. List the prime factors of j.
2, 3
Let b = 312 - 156. List the prime factors of (-2 + (-15)/(-6))*b.
2, 3, 13
Suppose 4*x = 3*y - 5*y - 6, 4*x + 12 = 0. Suppose -b + y + 1 = 0. Suppose -b*q = q - 40. List the prime factors of q.
2
Suppose 1603 = 2*d - 3*l, -73*d = -70*d - 4*l - 2402. List the prime factors of d.
2, 397
Let a = 32 + -38. What are the prime factors of a/4*374/(-51)?
11
Suppose -4*b + 2894 = 3*q - 128, -759 = -b + q. What are the prime factors of b?
757
List the prime factors of (21/12)/(7446/(-1064) - -7).
7, 19
Suppose 4*k - 3*o = 4889, -2*o + 3645 = 3*k + 3*o. Let c be k/18 + 8/36. Suppose -2*a - s = 2*a - 66, -4*a = 2*s - c. List the prime factors of a.
2
List the prime factors of (-5 - (-9)/6)*-788.
2, 7, 197
Let x(w) = w**3 - 6. Let a(g) = 2*g - 16. Let l be a(10). List the prime factors of x(l).
2, 29
Suppose 5*r - 4*k - 301 = 0, r = 6*r - k - 304. Let p = -32 + r. List the prime factors of p.
29
Suppose -6*z - 10 = -z. List the prime factors of 975/15*(-1 - z).
5, 13
Let i = 16 + -17. Let t(n) = 144*n**2 + 1. List the prime factors of t(i).
5, 29
Suppose -541 = -t - 4*y, 5*t - 2805 = -y + 6*y. What are the prime factors of t?
557
Suppose -11 + 7 = -2*z - 4*h, 0 = 4*h - 16. What are the prime factors of -3*(2/z + 344/(-24))?
2, 11
Let p = 4571 - 2666. List the prime factors of p.
3, 5, 127
Let v = 1095 + -466. List the prime factors of v.
17, 37
Let u = 41 + -41. List the prime factors of (-4)/8*0 - (u - 6).
2, 3
Let q be 11/(-33) - (-16)/3. Suppose -u - 180 = -q*w, -57 = -w - 0*w - 4*u. What are the prime factors of w?
37
Let n(c) = -c**3 - 27*c**2 + 110*c + 63. What are the prime factors of n(-33)?
3, 23, 43
What are the prime factors of 3/(((-1)/3)/((-582)/27))?
2, 97
What are the prime factors of -6 + 2 + 0 + 2429?
5, 97
Let y(g) = -g**3 - g**2 + g + 5. Let h be y(0). Suppose 2*j - 30 = j + h*p, 0 = j - 2*p - 30. What are the prime factors of j?
2, 3, 5
Let w(j) = 16*j. Let k be w(-4). Let h be (-4)/6 + k/(-24). Let x(q) = q. List the prime factors of x(h).
2
Let a = 344 - 131. Let v = a - 68. What are the prime factors of v?
5, 29
Let v(l) = 3*l - 37. Let m be v(-22). Let r = m + 206. List the prime factors of r.
103
Suppose l + 144 = 2*l. Suppose -145*b = -l*b - 134. What are the prime factors of b?
2, 67
Suppose -7*h - 4*h + 1573 = 0. What are the prime factors of h?
11, 13
Let h(t) = -t**3 - 8*t**2 - 7*t + 8. Let v be h(-6). Let d = -20 - v. Suppose 60 = 3*u + d*u. List the prime factors of u.
2, 3
Let y = 91 + -140. Let u = y + 180. List the prime factors of u.
131
Let d = -8462 - -14949. What are the prime factors of d?
13, 499
Let g(d) = -208*d - 1. Let f be g(1). Let m = f + 373. What are the prime factors of m?
2, 41
Suppose -39 = -m - 12*m. Suppose -m*n - 30 + 243 = 0. List the prime factors of n.
71
Let k(g) = 2*g**2 + 3*g. Let q be k(-2). Suppose 155 = q*i - 4*d - 183, 2*i = -3*d + 310. List the prime factors of i.
7, 23
Suppose 6 - 11 = -q. Suppose -4*r + 531 = -y, 5*y + 326 + 349 = q*r. List the prime factors of r.
2, 3, 11
Suppose -5*d + 20 = 0, -2*g + 3288 = 5*d - 806. List the prime factors of g.
3, 7, 97
Suppose 4780 = 25*z - 21*z. What are the prime factors of z?
5, 239
Let w = -509 - -839. What are the prime factors of w?
2, 3, 5, 11
Let r(h) = 3*h**3 - 5*h**2 + 17*h - 5. What are the prime factors of r(5)?
2, 3, 5, 11
Let n = 2251 + -553. List the prime factors of n.
2, 3, 283
Let d(b) = b**3 - 4*b**2 - 6*b + 7. Let c be d(5). Suppose f - 69 = -c*u, 3*u + 3*f - 101 = -5. Let p = 5 + u. List the prime factors of p.
2, 3, 7
Let q be (2 - 584/3)*(-2 - 1). Suppose 0 = 4*w - 74 - q. List the prime factors of w.
163
Let v(t) = -t**3 + 6*t**2 + t + 3. Suppose 0*n = -5*n + 4*w + 41, 3*n - 2*w - 23 = 0. What are the prime factors of v(n)?
3, 11
Let q = 0 - -3. Suppose 4*h - 2 = q*h. Suppose -80 = -4*j + 2*i - 6*i, 0 = -i + h. What are the prime factors of j?
2, 3
Let t(b) = -7*b**3 + 2*b**2 + 11*b + 28. What are the prime factors of t(-3)?
2, 101
Suppose 53*k = 63*k - 20780. What are the prime factors of k?
2, 1039
Suppose 0 = 4*p - 7677 + 69. List the prime factors of p.
2, 3, 317
Let w(u) = u**3 - 5*u**2 + 5. Suppose p + 0*p - 4 = 0, 5*j - 4*p + 21 = 0. Let i be (-2 + j)*(-25)/15. List the prime factors of w(i).
5
Suppose -2*b + 3*t = 3*b - 41, -5*b + t + 37 = 0. Let k be (-1 + 1)/(b + -6). Suppose -2*d - 3*d + 35 = k. What are the prime factors of d?
7
Suppose -2*o + 2512 = -5*b + 213, 0 = 4*b - 4. What are the prime factors of o?
2, 3
Suppose 448 = 3*a + 178. Let r(c) = -2*c**2 - 6*c - 3. Let i be r(-7). Let f = a + i. What are the prime factors of f?
31
Suppose 0 = 12*g - 7*g - 20. Suppose 19 = 2*r + r - g*d, -5*r - 2*d = -23. Suppose -4*y = 2*o - 128, 0*o = -4*y - r*o + 140. What are the prime factors of y?
2, 3, 5
Let j = 24 - 18. Let b be (-2)/j*0 + -9. Let y(z) = -5*z + 1. What are the prime factors of y(b)?
2, 23
What are the prime factors of -2 + 7 - 11/(66/(-192))?
37
Suppose 2*b + 4*l = 16, -2*b + 11 = -2*l + l. Let z(h) = -h**3 + 44*h**2 + 2*h - 52. Let y be z(44). Suppose 2*a + y = b*a. List the prime factors of a.
3
Let i(v) = v**3 + v**2 + 5. Let c be i(0). Suppose -3*w - 15 = 0, -a - 2*a = -c*w - 31. List the prime factors of (-1 + a)*(13 + -3).
2, 5
Suppose 17*n + 11*n - 4844 = 0. What are the prime factors of n?
173
Let a = 146 + 90. What are the prime factors of a?
2, 59
Suppose -5*p = -2*p - 4*t - 8364, 0 = 2*p + 4*t - 5576. What are the prime factors of p?
2, 17, 41
Suppose -14*k + 17804 = -1740. What are the prime factors of k?
2, 349
Let u = 173 + 26. What are the prime factors of u?
199
Let n = 509 - -144. List the prime factors of n.
653
Let c(q) = -q**2 - 16*q + 4. Let d be c(-16). Suppose r = 5*h - 328, -4*h + d*r = -h - 190. What are the